 (base 11) to base 13.
-17252
Convert -20244010 (base 5) to base 7.
-1256344
What is 20314332 (base 5) in base 3?
22110212100
What is bdfa (base 16) in base 13?
191a1
What is -11022404 (base 6) in base 4?
-1100200210
Convert c149b (base 15) to base 2.
10010101011001010001
Convert 122033132 (base 4) to base 15.
21cab
Convert -337108 (base 9) to base 7.
-1500662
What is 455934 (base 10) in base 7?
3606153
12624707 (base 8) to base 7
33021031
Convert -793622 (base 11) to base 2.
-100110100100011111101
Convert -1102430102 (base 5) to base 2.
-1001000111010110011010
3234622 (base 8) to base 9
1560806
What is 1eeba (base 15) in base 6?
2100304
Convert 40532665 (base 7) to base 3.
20101001022121
Convert 147bb68 (base 12) to base 9.
7720718
-24dba6 (base 14) to base 6
-43055022
-422c2b (base 16) to base 15
-5a9e23
What is -233442 (base 9) in base 4?
-202100222
What is -14404806 (base 9) in base 4?
-123101033103
-205137 (base 8) to base 14
-1abcb
What is -1621ac (base 13) in base 11?
-344274
What is -a96e0 (base 16) in base 12?
-295740
Convert 85384 (base 15) to base 4.
1213030102
Convert 11110011111010011011101 (base 2) to base 7.
124635604
What is -11088a0 (base 12) in base 8?
-14313370
54241650 (base 8) to base 5
10433222232
1364451 (base 7) to base 5
21342310
Convert -225aec (base 16) to base 13.
-60aa64
What is -a3070b (base 14) in base 5?
-2401313441
Convert 5a594 (base 11) to base 10.
87223
Convert -324540 (base 6) to base 2.
-110100101101100
-1222144 (base 7) to base 6
-3210024
415334 (base 7) to base 4
101131130
Convert 49b6b5 (base 12) to base 10.
1201961
What is 476a78 (base 14) in base 6?
124134242
What is 21521054 (base 8) in base 15?
616876
What is -1502076 (base 8) in base 9?
-720742
What is -20435360 (base 7) in base 9?
-3216072
Convert 82514 (base 9) to base 3.
2202120111
302210015 (base 6) to base 14
980671
What is -12184522 (base 9) in base 10?
-5960729
Convert 11001200022 (base 3) to base 14.
211d1
-2021200220200 (base 3) to base 16
-1287f3
What is -135439 (base 15) in base 8?
-3426467
Convert 598545 (base 14) to base 15.
406072
What is 370523 (base 14) in base 6?
104211231
What is 59519 (base 14) in base 4?
311022303
15062 (base 10) to base 16
3ad6
Convert -47e7cf (base 16) to base 2.
-10001111110011111001111
What is 750b1 (base 13) in base 14?
56cb6
Convert -873a0e (base 16) to base 13.
-1ab3a25
What is 25b2cc (base 16) in base 11?
1438224
Convert -1202010220 (base 3) to base 16.
-8640
Convert -5a3870 (base 11) to base 3.
-1210121100110
What is -b6c (base 16) in base 11?
-2219
Convert 4cf414 (base 16) to base 8.
23172024
What is -223712 (base 11) in base 8?
-1267615
-4166238 (base 10) to base 13
-b2b43b
What is 120110031100 (base 4) in base 10?
6374224
546595 (base 10) to base 12
224397
Convert -2508179 (base 10) to base 9.
-4642515
Convert -a311d (base 16) to base 9.
-1227207
616335 (base 14) to base 13
8ac0ab
Convert -1193782 (base 13) to base 7.
-64302130
What is 7d58cc (base 14) in base 11?
24633a6
Convert -221378 (base 9) to base 8.
-402247
-982b8 (base 16) to base 4
-2120022320
Convert -3203314310 (base 5) to base 15.
-8c493a
Convert -302003201 (base 4) to base 6.
-4221105
What is 52404c (base 14) in base 4?
22211332210
32694 (base 10) to base 2
111111110110110
Convert 413298a (base 12) to base 7.
206130646
-833284 (base 9) to base 13
-144106
-1001100111110010000 (base 2) to base 13
-b0674
What is -1001001101111010100101 (base 2) in base 15?
-32ae13
-11211010100 (base 3) to base 6
-2011100
-10001000100101000100 (base 2) to base 13
-16782c
-111000111111110100001011 (base 2) to base 7
-241000040
Convert 460b (base 16) to base 15.
54a6
What is -2122000012011 (base 3) in base 10?
-1397632
4344646 (base 8) to base 14
224b8a
What is 300142112 (base 5) in base 15?
183e8c
237f2 (base 16) to base 8
433762
Convert 1733094 (base 10) to base 15.
243799
Convert -660661 (base 7) to base 13.
-407c2
12100202021 (base 3) to base 15
213ed
What is -1122330332 (base 5) in base 3?
-11210011210002
1303131123 (base 4) to base 9
800650
What is -5642131 (base 7) in base 14?
-142c88
Convert -25141623 (base 8) to base 14.
-a48643
What is 488a3 (base 14) in base 9?
300220
-1013330311 (base 4) to base 15
-5c4c4
Convert 1d0e1 (base 16) to base 9.
201222
Convert -120212200022 (base 3) to base 10.
-312506
Convert -2401243143 (base 5) to base 13.
-11a4628
Convert -533654 (base 7) to base 14.
-25a64
Convert 3300460 (base 8) to base 16.
d8130
-1253225 (base 6) to base 12
-34215
-12046067 (base 8) to base 9
-4864630
102122100 (base 3) to base 15
27ac
Convert -6101b (base 12) to base 10.
-126167
-233613 (base 10) to base 8
-710215
-415244413 (base 6) to base 8
-33526671
Convert 212101120221022 (base 3) to base 4.
233123003213
What is -49144 (base 11) in base 10?
-70712
What is -2000042 (base 7) in base 16?
-39740
What is -11314662 (base 7) in base 4?
-3303012030
1011011001011000111 (base 2) to base 12
160147
What is -2102200012 (base 3) in base 14?
-1363a
7dced5 (base 16) to base 4
133130323111
What is -3255454 (base 7) in base 4?
-1201302010
-2373609 (base 10) to base 3
-11110120222110
What is 11c05b (base 13) in base 3?
210122202200
-10202322313 (base 4) to base 2
-100100010111010110111
What is 22734456 (base 8) in base 13?
1049a6c
-11202022111121 (base 3) to base 11
-14755a1
-577346 (base 9) to base 4
-1110213000
7f15d (base 16) to base 2
1111111000101011101
Convert -8318928 (base 11) to base 6.
-1242404241
4cbe3 (base 15) to base 4
323332320
Convert 2553434 (base 6) to base 7.
1120444
Convert -3808950 (base 12) to base 3.
-202122000111020
Convert -1759a2a (base 11) to base 8.
-13306600
-246565 (base 9) to base 14
-3c51a
What is -58c1 (base 15) in base 12?
-aab4
31958 (base 10) to base 13
11714
-673633 (base 8) to base 4
-313132123
Convert -63542365 (base 7) to base 2.
-10100100011100110110100
12230342 (base 5) to base 9
188273
What is -503928 (base 11) in base 10?
-810367
-a80e2 (base 15) to base 4
-2002033112
Convert -1185f (base 16) to base 11.
-49a20
Convert 2bbc0 (base 14) to base 9.
175878
Convert -812ba6 (base 15) to base 8.
-27316336
What is 23a734 (base 12) in base 4?
2031022120
What is 10503025 (base 6) in base 13?
b2556
Convert 1637 (base 14) to base 5.
111334
Convert 90eee (base 15) to base 5.
104141444
-39414 (base 13) to base 7
-621321
What is 222432 (base 8) in base 5?
4400114
Convert 56982b (base 14) to base 15.
3d2ce9
4184031 (base 9) to base 6
120003301
What is 774296 (base 11) in base 16?
12da3b
1201233 (base 5) to base 9
33240
-3122050 (base 8) to base 12
-33b520
-11a95 (base 12) to base 16
-5dd1
What is -120200022100 (base 3) in base 10?
-308592
What is -5d979d (base 15) in base 3?
-22102222010211
Convert -1ce07 (base 15) to base 3.
-11210022221
2250400 (base 11) to base 4
33001221201
What is -46731 (base 13) in base 8?
-373211
Convert -a27aa (base 12) to base 16.
-33bf2
2a6b416 (base 12) to base 13
1a23509
What is -2656201 (base 7) in base 16?
-5585e
What is -691406 (base 12) in base 10?
-1681926
-165193 (base 14) to base 11
-494891
What is -35ebcd (base 16) in base 8?
-15365715
-1111220112 (base 3) to base 4
-13101332
1001001000101100 (base 2) to base 14
d8cc
Convert 383328 (base 15) to base 8.
12215513
Convert 231212222111 (base 4) to base 5.
11030023322
596316 (base 10) to base 14
117460
110010111001100010 (base 2) to base 10
208482
102309 (base 10) to base 8
307645
Convert -3aa4a (base 12) to base 15.
-18ee1
83a48 (base 14) to base 9
533571
What is -302062 (base 9) in base 2?
-101011100111100101
What is 6db5 (base 15) in base 10?
23345
What is -23104554 (base 6) in base 16?
-ad056
Convert 178828 (base 10) to base 8.
535214
What is 112c31b (base 14) in base 15?
ab8073
Convert 1011110001001011100 (base 2) to base 16.
5e25c
Convert 325c63 (base 13) to base 12.
4912a7
Convert 1375034 (base 9) to base 16.
b91af
-35662140 (base 7) to base 6
-152014313
What is -13153b (base 12) in base 3?
-120221002102
2001330302 (base 4) to base 16
81f32
Convert -3779760 (base 10) to base 4.
-32122302300
-11622665 (base 8) to base 11
-14a25a5
Convert 2272661 (base 8) to base 9.
1144366
Convert -56953 (base 11) to base 5.
-10113323
17d61e (base 16) to base 8
5753036
-3311013042 (base 5) to base 7
-114366401
-4292a (base 14) to base 7
-1240153
Convert 